n base 16, what is 3 - 16?
-13
In base 6, what is 24 - -10?
34
In base 5, what is 1144 - 143?
1001
In base 3, what is -1122 + 0?
-1122
In base 2, what is -1 + -101001001?
-101001010
In base 9, what is 2440 + 4?
2444
In base 7, what is -30 + -154?
-214
In base 2, what is -1011111110 - -1001?
-1011110101
In base 7, what is 62 - 3?
56
In base 13, what is 4 + -350?
-349
In base 15, what is -d8 - -1?
-d7
In base 10, what is 13 + 443?
456
In base 8, what is 10 + 22?
32
In base 12, what is 496 + 0?
496
In base 3, what is 20 - 2111?
-2021
In base 13, what is -233 + -3?
-236
In base 6, what is 1 + -225?
-224
In base 12, what is 7 + a?
15
In base 13, what is -52 + -4?
-56
In base 6, what is -14 + -35?
-53
In base 6, what is 54 - 230?
-132
In base 4, what is -201 - 213?
-1020
In base 14, what is 9 - -18?
23
In base 4, what is 313 - 3?
310
In base 10, what is -1 - 88?
-89
In base 16, what is 4 + dda?
dde
In base 14, what is -1a7 + 4?
-1a3
In base 8, what is 16 - 353?
-335
In base 7, what is 1364 + 3?
1400
In base 8, what is -11434 - 4?
-11440
In base 3, what is 12 - -11111112?
11111201
In base 16, what is -4bbc + 0?
-4bbc
In base 5, what is 3 - 130?
-122
In base 7, what is 1041 - 2?
1036
In base 7, what is -251 + -11?
-262
In base 11, what is 8 + 4?
11
In base 11, what is -5 - -1062?
1058
In base 8, what is -242 - 25?
-267
In base 16, what is 5 + -b28?
-b23
In base 5, what is -120411 - 0?
-120411
In base 14, what is -16 + 11?
-5
In base 4, what is 10 - -103?
113
In base 14, what is -4 - -b4?
b0
In base 7, what is -201 - 11?
-212
In base 12, what is -5 + -271?
-276
In base 14, what is -4 + 1a?
16
In base 14, what is -4 + -5dd?
-603
In base 7, what is 214 - 153?
31
In base 16, what is 2 - -160?
162
In base 9, what is 3802 + 1?
3803
In base 8, what is -373 + -23?
-416
In base 2, what is -1101100 + -101?
-1110001
In base 12, what is -1 + -241?
-242
In base 15, what is 0 + -106?
-106
In base 15, what is -3 - -2?
-1
In base 7, what is -12 - -1011?
666
In base 12, what is -33a + -a?
-348
In base 13, what is 1 + 333b?
333c
In base 7, what is 0 - -663?
663
In base 3, what is 22 - 1220010?
-1212211
In base 7, what is 264 + 13?
310
In base 9, what is 250 + 26?
276
In base 13, what is 0 - 84?
-84
In base 6, what is 2 - -24524?
24530
In base 7, what is 4 + -4603?
-4566
In base 5, what is 330 - 21?
304
In base 11, what is 4 + -764?
-760
In base 3, what is -1 + -21112002?
-21112010
In base 14, what is -5 - 247?
-24c
In base 6, what is 3 - 21025?
-21022
In base 13, what is 52 - 3?
4c
In base 6, what is -340 + 2?
-334
In base 4, what is -203 + -11303?
-12112
In base 13, what is 47 - 13?
34
In base 14, what is -32 + -25?
-57
In base 9, what is 273 - -1?
274
In base 5, what is -20 - 21401?
-21421
In base 16, what is -15bc + 1?
-15bb
In base 12, what is 27 - -8a?
b5
In base 14, what is -5 - -1ab3?
1aac
In base 6, what is -250 - -5?
-241
In base 10, what is 71 - 3?
68
In base 6, what is -14 - -141?
123
In base 12, what is -b6 - 145?
-23b
In base 15, what is -3 + -17c?
-180
In base 5, what is 4 - 1323?
-1314
In base 6, what is 5 + 31?
40
In base 12, what is -198 + -1?
-199
In base 15, what is -3 + 14bd?
14ba
In base 13, what is 1918 - -4?
191c
In base 7, what is 130 + 0?
130
In base 5, what is 2103 + 2?
2110
In base 12, what is -5 + 17?
12
In base 13, what is -9 - c2?
-cb
In base 4, what is -22 - 21?
-103
In base 4, what is -13022 + 3?
-13013
In base 2, what is -100 + 1111100?
1111000
In base 6, what is 12314 + 2?
12320
In base 5, what is -3 - -323?
320
In base 7, what is -10 - 262?
-302
In base 15, what is b + -1a0?
-194
In base 12, what is 1a - -10?
2a
In base 2, what is 111111 - 10111?
101000
In base 14, what is 4 + -1b?
-17
In base 10, what is -3 + 43?
40
In base 5, what is -20 + 21422?
21402
In base 11, what is -3 - -1137?
1134
In base 16, what is 39 - 1?
38
In base 4, what is -3 + 222?
213
In base 11, what is -13 + -16?
-29
In base 4, what is 222221 + -11?
222210
In base 13, what is -c + -4?
-13
In base 9, what is 3 + 254?
257
In base 11, what is -956 - 0?
-956
In base 13, what is -2 + 79?
77
In base 4, what is -3022 - -3?
-3013
In base 6, what is 0 - 22?
-22
In base 12, what is -1 + 131?
130
In base 10, what is 4901 + 2?
4903
In base 15, what is -1ae + 2?
-1ac
In base 4, what is -1001 + -11?
-1012
In base 5, what is -4 + -40024?
-40033
In base 13, what is 13cc - 0?
13cc
In base 10, what is -7 + 70?
63
In base 4, what is -2 - -131300?
131232
In base 16, what is -17 + d9?
c2
In base 3, what is 22 - 122010?
-121211
In base 16, what is -29 + 0?
-29
In base 11, what is 3 + -2752?
-274a
In base 9, what is -3 - -522?
518
In base 5, what is 10 + 12?
22
In base 16, what is 140 - -5?
145
In base 15, what is 5 - 1e53?
-1e4d
In base 8, what is -3021 - 2?
-3023
In base 7, what is 20 + 34?
54
In base 9, what is 2 - 5212?
-5210
In base 4, what is 31020 + -2?
31012
In base 15, what is -24 + -9?
-2d
In base 6, what is -1300 - -2?
-1254
In base 7, what is -2030 + 13?
-2014
In base 6, what is -24 - -3?
-21
In base 11, what is -1 + 147?
146
In base 13, what is -3 - -74?
71
In base 13, what is a + 10b?
118
In base 2, what is -1011 + 1010010?
1000111
In base 3, what is -12 + -111212?
-112001
In base 14, what is 2 + ad?
b1
In base 12, what is 1a - -6?
24
In base 13, what is -4 + -9b?
-a2
In base 6, what is 5 + -4?
1
In base 15, what is -4 + -45?
-49
In base 16, what is 2649 - 5?
2644
In base 15, what is 5 - 52?
-4c
In base 12, what is -3 + -82?
-85
In base 9, what is 1365 + -10?
1355
In base 3, what is -10 - -11020200?
11020120
In base 6, what is -525 + 1?
-524
In base 11, what is 43 - 6?
38
In base 7, what is -165 - -16?
-146
In base 14, what is 292c - -5?
2933
In base 4, what is -2 + -3321?
-3323
In base 14, what is 2 + 384?
386
In base 14, what is c - -24?
32
In base 2, what is 10000 + -111001111?
-110111111
In base 12, what is -622 - 2?
-624
In base 5, what is -1104 + 0?
-1104
In base 2, what is -100101101001 - -1?
-100101101000
In base 13, what is -3 + 92?
8c
In base 14, what is -158c + 5?
-1587
In base 13, what is -94 - 3?
-97
In base 8, what is 71 + -3?
66
In base 13, what is 894 + -7?
88a
In base 16, what is -127 - 0?
-127
In base 7, what is -4 + -23?
-30
In base 3, what is 2112 + 1002?
10121
In base 10, what is 27 + -52?
-25
In base 16, what is 4 - -12?
16
In base 16, what is -5e - 51?
-af
In base 8, what is -34 - 17?
-53
In base 12, what is 24 - 1?
23
In base 4, what is 2 + 1300?
1302
In base 13, what is 397 - -5?
39c
In base 14, what is 4d + 5?
54
In base 16, what is 61a + -9?
611
In base 9, what is 2060 - 3?
2056
In base 6, what is -40 + 423?
343
In base 14, what is -4 + -2c43?
-2c47
In base 8, what is -357 - -3?
-354
In base 14, what is -1 + -7c?
-7d
In base 12, what is -3 - -467?
464
In base 6, what is 115 - -15?
134
In base 6, what is -20 + -33?
-53
In base 9, what is -3 + -4012?
-4015
In base 9, what is -20 - 8?
-28
In base 9, what is 7 + -47?
-40
In base 3, what is 20 + -200?
-110
In base 13, what is 71 + b0?
151
In base 7, what is 1 - -13113?
13114
In base 5, what is -1 - 301?
-302
In base 10, what is 1052 - -3?
1055
In base 11, what is -3 - 53?
-56
In base 3, what is 1 + -102?
-101
In base 3, what is 222 - -22?
1021
In base 15, what is 147d - -2?
1480
In base 11, what is 1 + 298?
299
In base 15, what is 5 + -a7?
-a2
In base 9, what is 17 + 477?
505
In base 5, what is -430 + -10?
-440
In base 6, what is 10 + 105?
115
In base 11, what is 1134 - 5?
112a
In base 13, what is 4 + -8?
-4
In base 2, what is -1011110 - -100?
-1011010
In base 4, what is -11113 - -2?
-11111
In base 9, what is -26 - 0?
-26
In base 9, what is 13 - 10?
3
In base 7, what is -4 + 1562?
1555
In base 3, what is -1 - 12012?
-12020
In base 5, what is 113 - -31?
144
In base 9, what is 0 + 5?
5
In base 7, what is 541 - 4?
534
In base 7, what is -151 - 0?
-151
In base 13, what is 1509 - -2?
150b
In base 9, what is 751 + -10?
741
In base 3, what is -20221 - -121?
-20100
In base 4, what is 23123 - 11?
23112
In base 5, what is 14243 - -3?
14301
In base 7, what is -3 + 5316?
5313
In base 3, what is -2 + -11201?
-11210
In base 8, what is 2 + 231?
233
In base 16, what is 86 + 2?
88
In base 12, what is -4 + 5?
1
In base 9, what is 13726 + 0?
13726
In base 4, what is -2 + 2203?
2201
In base 16, what is 21 + 1?
22
In